{"id":6894,"date":"2025-10-17T13:28:08","date_gmt":"2025-10-17T13:28:08","guid":{"rendered":"https:\/\/masterfrisormobler.se\/?post_type=product&#038;p=6894"},"modified":"2025-10-17T13:29:20","modified_gmt":"2025-10-17T13:29:20","slug":"uv-sterilisatorlada","status":"publish","type":"product","link":"https:\/\/masterfrisormobler.se\/en\/product\/uv-sterilisatorlada\/","title":{"rendered":"UV-sterilisatorl\u00e5da"},"content":{"rendered":"<p>UV-sterilisatorl\u00e5da<\/p>\n<p>1. Den fysikaliska processen som kombinerar ultraviolett UV-princip och optisk princip, funktioner f\u00f6r oxidation, koagulering, sterilisering etc.<br \/>\n2. Ingen sekund\u00e4r f\u00f6rorening, effektiv och mild, s\u00e4krare och mer grundlig.<br \/>\n3. Tillverkad av teknisk plast, som \u00e4r temperaturbest\u00e4ndig och anti-aging.<br \/>\n4. Utformad f\u00f6r att desinficera nagelverktyg, s\u00e5v\u00e4l som f\u00f6r reng\u00f6ring, s\u00e5som saxar och handdukar.<br \/>\n5. Lyxig stil i framkant, mikrodatorstyrd moderkortskontroll, LED-display, bekv\u00e4m att anv\u00e4nda.<br \/>\n6. Timerinst\u00e4llningar, 5-60 minuter, ett intervall var 5:e minut, olika arbetsl\u00e4gen, energibesparing.<br \/>\n7. Personlig design, speciell d\u00f6rrskyddsbrytare, skyddar operat\u00f6ren fr\u00e5n skador fr\u00e5n ultraviolett ljus.<br \/>\n8. L\u00e4mplig f\u00f6r professionell salong, hotell, spa, gym och hemmabruk.<\/p>","protected":false},"excerpt":{"rendered":"<p>UV Sterilizer Box Towel Disinfection Cabinet Nail Tattoo Beauty Salon Tools<\/p>\n<p>&nbsp;<\/p>","protected":false},"featured_media":6895,"template":"","meta":{"site-sidebar-layout":"default","site-content-layout":"","ast-site-content-layout":"default","site-content-style":"default","site-sidebar-style":"default","ast-global-header-display":"","ast-banner-title-visibility":"","ast-main-header-display":"","ast-hfb-above-header-display":"","ast-hfb-below-header-display":"","ast-hfb-mobile-header-display":"","site-post-title":"","ast-breadcrumbs-content":"","ast-featured-img":"","footer-sml-layout":"","theme-transparent-header-meta":"default","adv-header-id-meta":"","stick-header-meta":"","header-above-stick-meta":"","header-main-stick-meta":"","header-below-stick-meta":"","astra-migrate-meta-layouts":"set","_joinchat":[]},"product_cat":[16,57,77,73],"product_tag":[],"yoast_head":"<!-- This site is optimized with the Yoast SEO plugin v21.2 - https:\/\/yoast.com\/wordpress\/plugins\/seo\/ -->\n<title>UV-sterilisatorl\u00e5da - Nord Master Fris\u00f6r M\u00f6bler<\/title>\n<meta name=\"description\" content=\"UV-sterilisatorl\u00e5da\" \/>\n<meta name=\"robots\" content=\"index, follow, max-snippet:-1, max-image-preview:large, max-video-preview:-1\" \/>\n<link rel=\"canonical\" href=\"https:\/\/masterfrisormobler.se\/en\/product\/uv-sterilisatorlada\/\" \/>\n<meta property=\"og:locale\" content=\"en_US\" \/>\n<meta property=\"og:type\" content=\"article\" \/>\n<meta property=\"og:title\" content=\"UV-sterilisatorl\u00e5da - Nord Master Fris\u00f6r M\u00f6bler\" \/>\n<meta property=\"og:description\" content=\"UV-sterilisatorl\u00e5da\" \/>\n<meta property=\"og:url\" content=\"https:\/\/masterfrisormobler.se\/en\/product\/uv-sterilisatorlada\/\" \/>\n<meta property=\"og:site_name\" content=\"Nord Master Fris\u00f6r M\u00f6bler\" \/>\n<meta property=\"article:publisher\" content=\"https:\/\/www.facebook.com\/profile.php?id=100095573704473\" \/>\n<meta property=\"article:modified_time\" content=\"2025-10-17T13:29:20+00:00\" \/>\n<meta property=\"og:image\" content=\"https:\/\/masterfrisormobler.se\/wp-content\/uploads\/2025\/10\/s-l1600-1.webp\" \/>\n\t<meta property=\"og:image:width\" content=\"800\" \/>\n\t<meta property=\"og:image:height\" content=\"800\" \/>\n\t<meta property=\"og:image:type\" content=\"image\/webp\" \/>\n<meta name=\"twitter:card\" content=\"summary_large_image\" \/>\n<meta name=\"twitter:label1\" content=\"Est. reading time\" \/>\n\t<meta name=\"twitter:data1\" content=\"1 minute\" \/>\n<script type=\"application\/ld+json\" class=\"yoast-schema-graph\">{\"@context\":\"https:\/\/schema.org\",\"@graph\":[{\"@type\":\"WebPage\",\"@id\":\"https:\/\/masterfrisormobler.se\/product\/uv-sterilisatorlada\/\",\"url\":\"https:\/\/masterfrisormobler.se\/product\/uv-sterilisatorlada\/\",\"name\":\"UV-sterilisatorl\u00e5da - Nord Master Fris\u00f6r M\u00f6bler\",\"isPartOf\":{\"@id\":\"https:\/\/masterfrisormobler.se\/#website\"},\"datePublished\":\"2025-10-17T13:28:08+00:00\",\"dateModified\":\"2025-10-17T13:29:20+00:00\",\"description\":\"UV-sterilisatorl\u00e5da\",\"breadcrumb\":{\"@id\":\"https:\/\/masterfrisormobler.se\/product\/uv-sterilisatorlada\/#breadcrumb\"},\"inLanguage\":\"en-US\",\"potentialAction\":[{\"@type\":\"ReadAction\",\"target\":[\"https:\/\/masterfrisormobler.se\/product\/uv-sterilisatorlada\/\"]}]},{\"@type\":\"BreadcrumbList\",\"@id\":\"https:\/\/masterfrisormobler.se\/product\/uv-sterilisatorlada\/#breadcrumb\",\"itemListElement\":[{\"@type\":\"ListItem\",\"position\":1,\"name\":\"Home\",\"item\":\"https:\/\/masterfrisormobler.se\/\"},{\"@type\":\"ListItem\",\"position\":2,\"name\":\"Store\",\"item\":\"https:\/\/masterfrisormobler.se\/store-master-frisor-mobler\/\"},{\"@type\":\"ListItem\",\"position\":3,\"name\":\"UV-sterilisatorl\u00e5da\"}]},{\"@type\":\"WebSite\",\"@id\":\"https:\/\/masterfrisormobler.se\/#website\",\"url\":\"https:\/\/masterfrisormobler.se\/\",\"name\":\"https:\/\/masterfrisormobler.se\/\",\"description\":\"Den b\u00e4sta butiken f\u00f6r att s\u00e4lja Fris\u00f6rm\u00f6bler och produkter.\",\"publisher\":{\"@id\":\"https:\/\/masterfrisormobler.se\/#organization\"},\"potentialAction\":[{\"@type\":\"SearchAction\",\"target\":{\"@type\":\"EntryPoint\",\"urlTemplate\":\"https:\/\/masterfrisormobler.se\/?s={search_term_string}\"},\"query-input\":\"required name=search_term_string\"}],\"inLanguage\":\"en-US\"},{\"@type\":\"Organization\",\"@id\":\"https:\/\/masterfrisormobler.se\/#organization\",\"name\":\"Nord master fris\u00f6r mobler\",\"url\":\"https:\/\/masterfrisormobler.se\/\",\"logo\":{\"@type\":\"ImageObject\",\"inLanguage\":\"en-US\",\"@id\":\"https:\/\/masterfrisormobler.se\/#\/schema\/logo\/image\/\",\"url\":\"https:\/\/masterfrisormobler.se\/wp-content\/uploads\/2023\/08\/cropped-512x512-sara.jpeg\",\"contentUrl\":\"https:\/\/masterfrisormobler.se\/wp-content\/uploads\/2023\/08\/cropped-512x512-sara.jpeg\",\"width\":512,\"height\":512,\"caption\":\"Nord master fris\u00f6r mobler\"},\"image\":{\"@id\":\"https:\/\/masterfrisormobler.se\/#\/schema\/logo\/image\/\"},\"sameAs\":[\"https:\/\/www.facebook.com\/profile.php?id=100095573704473\",\"https:\/\/www.tiktok.com\/@master.frisr.mble\",\"https:\/\/www.instagram.com\/masterfrisormobler\/\"]}]}<\/script>\n<!-- \/ Yoast SEO plugin. -->","yoast_head_json":{"title":"UV-sterilisatorl\u00e5da - Nord Master Fris\u00f6r M\u00f6bler","description":"UV-sterilisatorl\u00e5da","robots":{"index":"index","follow":"follow","max-snippet":"max-snippet:-1","max-image-preview":"max-image-preview:large","max-video-preview":"max-video-preview:-1"},"canonical":"https:\/\/masterfrisormobler.se\/en\/product\/uv-sterilisatorlada\/","og_locale":"en_US","og_type":"article","og_title":"UV-sterilisatorl\u00e5da - Nord Master Fris\u00f6r M\u00f6bler","og_description":"UV-sterilisatorl\u00e5da","og_url":"https:\/\/masterfrisormobler.se\/en\/product\/uv-sterilisatorlada\/","og_site_name":"Nord Master Fris\u00f6r M\u00f6bler","article_publisher":"https:\/\/www.facebook.com\/profile.php?id=100095573704473","article_modified_time":"2025-10-17T13:29:20+00:00","og_image":[{"width":800,"height":800,"url":"https:\/\/masterfrisormobler.se\/wp-content\/uploads\/2025\/10\/s-l1600-1.webp","type":"image\/webp"}],"twitter_card":"summary_large_image","twitter_misc":{"Est. reading time":"1 minute"},"schema":{"@context":"https:\/\/schema.org","@graph":[{"@type":"WebPage","@id":"https:\/\/masterfrisormobler.se\/product\/uv-sterilisatorlada\/","url":"https:\/\/masterfrisormobler.se\/product\/uv-sterilisatorlada\/","name":"UV-sterilisatorl\u00e5da - Nord Master Fris\u00f6r M\u00f6bler","isPartOf":{"@id":"https:\/\/masterfrisormobler.se\/#website"},"datePublished":"2025-10-17T13:28:08+00:00","dateModified":"2025-10-17T13:29:20+00:00","description":"UV-sterilisatorl\u00e5da","breadcrumb":{"@id":"https:\/\/masterfrisormobler.se\/product\/uv-sterilisatorlada\/#breadcrumb"},"inLanguage":"en-US","potentialAction":[{"@type":"ReadAction","target":["https:\/\/masterfrisormobler.se\/product\/uv-sterilisatorlada\/"]}]},{"@type":"BreadcrumbList","@id":"https:\/\/masterfrisormobler.se\/product\/uv-sterilisatorlada\/#breadcrumb","itemListElement":[{"@type":"ListItem","position":1,"name":"Home","item":"https:\/\/masterfrisormobler.se\/"},{"@type":"ListItem","position":2,"name":"Store","item":"https:\/\/masterfrisormobler.se\/store-master-frisor-mobler\/"},{"@type":"ListItem","position":3,"name":"UV-sterilisatorl\u00e5da"}]},{"@type":"WebSite","@id":"https:\/\/masterfrisormobler.se\/#website","url":"https:\/\/masterfrisormobler.se\/","name":"https:\/\/masterfrisormobler.se\/","description":"Den b\u00e4sta butiken f\u00f6r att s\u00e4lja Fris\u00f6rm\u00f6bler och produkter.","publisher":{"@id":"https:\/\/masterfrisormobler.se\/#organization"},"potentialAction":[{"@type":"SearchAction","target":{"@type":"EntryPoint","urlTemplate":"https:\/\/masterfrisormobler.se\/?s={search_term_string}"},"query-input":"required name=search_term_string"}],"inLanguage":"en-US"},{"@type":"Organization","@id":"https:\/\/masterfrisormobler.se\/#organization","name":"Nord master fris\u00f6r mobler","url":"https:\/\/masterfrisormobler.se\/","logo":{"@type":"ImageObject","inLanguage":"en-US","@id":"https:\/\/masterfrisormobler.se\/#\/schema\/logo\/image\/","url":"https:\/\/masterfrisormobler.se\/wp-content\/uploads\/2023\/08\/cropped-512x512-sara.jpeg","contentUrl":"https:\/\/masterfrisormobler.se\/wp-content\/uploads\/2023\/08\/cropped-512x512-sara.jpeg","width":512,"height":512,"caption":"Nord master fris\u00f6r mobler"},"image":{"@id":"https:\/\/masterfrisormobler.se\/#\/schema\/logo\/image\/"},"sameAs":["https:\/\/www.facebook.com\/profile.php?id=100095573704473","https:\/\/www.tiktok.com\/@master.frisr.mble","https:\/\/www.instagram.com\/masterfrisormobler\/"]}]}},"_links":{"self":[{"href":"https:\/\/masterfrisormobler.se\/en\/wp-json\/wp\/v2\/product\/6894"}],"collection":[{"href":"https:\/\/masterfrisormobler.se\/en\/wp-json\/wp\/v2\/product"}],"about":[{"href":"https:\/\/masterfrisormobler.se\/en\/wp-json\/wp\/v2\/types\/product"}],"version-history":[{"count":1,"href":"https:\/\/masterfrisormobler.se\/en\/wp-json\/wp\/v2\/product\/6894\/revisions"}],"predecessor-version":[{"id":6901,"href":"https:\/\/masterfrisormobler.se\/en\/wp-json\/wp\/v2\/product\/6894\/revisions\/6901"}],"wp:featuredmedia":[{"embeddable":true,"href":"https:\/\/masterfrisormobler.se\/en\/wp-json\/wp\/v2\/media\/6895"}],"wp:attachment":[{"href":"https:\/\/masterfrisormobler.se\/en\/wp-json\/wp\/v2\/media?parent=6894"}],"wp:term":[{"taxonomy":"product_cat","embeddable":true,"href":"https:\/\/masterfrisormobler.se\/en\/wp-json\/wp\/v2\/product_cat?post=6894"},{"taxonomy":"product_tag","embeddable":true,"href":"https:\/\/masterfrisormobler.se\/en\/wp-json\/wp\/v2\/product_tag?post=6894"}],"curies":[{"name":"wp","href":"https:\/\/api.w.org\/{rel}","templated":true}]}}

UV-sterilisatorlåda

<p>UV-sterilisatorlåda</p>
<p>1. Den fysikaliska processen som kombinerar ultraviolett UV-princip och optisk princip, funktioner för oxidation, koagulering, sterilisering etc.<br />
2. Ingen sekundär förorening, effektiv och mild, säkrare och mer grundlig.<br />
3. Tillverkad av teknisk plast, som är temperaturbeständig och anti-aging.<br />
4. Utformad för att desinficera nagelverktyg, såväl som för rengöring, såsom saxar och handdukar.<br />
5. Lyxig stil i framkant, mikrodatorstyrd moderkortskontroll, LED-display, bekväm att använda.<br />
6. Timerinställningar, 5-60 minuter, ett intervall var 5:e minut, olika arbetslägen, energibesparing.<br />
7. Personlig design, speciell dörrskyddsbrytare, skyddar operatören från skador från ultraviolett ljus.<br />
8. Lämplig för professionell salong, hotell, spa, gym och hemmabruk.</p>

<!-- This site is optimized with the Yoast SEO plugin v21.2 - https://yoast.com/wordpress/plugins/seo/ -->
<title>UV-sterilisatorlåda - Nord Master Frisör Möbler</title>
<meta name="description" content="UV-sterilisatorlåda" />
<meta name="robots" content="index, follow, max-snippet:-1, max-image-preview:large, max-video-preview:-1" />
<link rel="canonical" href="https://masterfrisormobler.se/en/product/uv-sterilisatorlada/" />
<meta property="og:locale" content="en_US" />
<meta property="og:type" content="article" />
<meta property="og:title" content="UV-sterilisatorlåda - Nord Master Frisör Möbler" />
<meta property="og:description" content="UV-sterilisatorlåda" />
<meta property="og:url" content="https://masterfrisormobler.se/en/product/uv-sterilisatorlada/" />
<meta property="og:site_name" content="Nord Master Frisör Möbler" />
<meta property="article:publisher" content="https://www.facebook.com/profile.php?id=100095573704473" />
<meta property="article:modified_time" content="2025-10-17T13:29:20+00:00" />
<meta property="og:image" content="https://masterfrisormobler.se/wp-content/uploads/2025/10/s-l1600-1.webp" />
	<meta property="og:image:width" content="800" />
	<meta property="og:image:height" content="800" />
	<meta property="og:image:type" content="image/webp" />
<meta name="twitter:card" content="summary_large_image" />
<meta name="twitter:label1" content="Est. reading time" />
	<meta name="twitter:data1" content="1 minute" />
<script type="application/ld+json" class="yoast-schema-graph">{"@context":"https://schema.org","@graph":[{"@type":"WebPage","@id":"https://masterfrisormobler.se/product/uv-sterilisatorlada/","url":"https://masterfrisormobler.se/product/uv-sterilisatorlada/","name":"UV-sterilisatorlåda - Nord Master Frisör Möbler","isPartOf":{"@id":"https://masterfrisormobler.se/#website"},"datePublished":"2025-10-17T13:28:08+00:00","dateModified":"2025-10-17T13:29:20+00:00","description":"UV-sterilisatorlåda","breadcrumb":{"@id":"https://masterfrisormobler.se/product/uv-sterilisatorlada/#breadcrumb"},"inLanguage":"en-US","potentialAction":[{"@type":"ReadAction","target":["https://masterfrisormobler.se/product/uv-sterilisatorlada/"]}]},{"@type":"BreadcrumbList","@id":"https://masterfrisormobler.se/product/uv-sterilisatorlada/#breadcrumb","itemListElement":[{"@type":"ListItem","position":1,"name":"Home","item":"https://masterfrisormobler.se/"},{"@type":"ListItem","position":2,"name":"Store","item":"https://masterfrisormobler.se/store-master-frisor-mobler/"},{"@type":"ListItem","position":3,"name":"UV-sterilisatorlåda"}]},{"@type":"WebSite","@id":"https://masterfrisormobler.se/#website","url":"https://masterfrisormobler.se/","name":"https://masterfrisormobler.se/","description":"Den bästa butiken för att sälja Frisörmöbler och produkter.","publisher":{"@id":"https://masterfrisormobler.se/#organization"},"potentialAction":[{"@type":"SearchAction","target":{"@type":"EntryPoint","urlTemplate":"https://masterfrisormobler.se/?s={search_term_string}"},"query-input":"required name=search_term_string"}],"inLanguage":"en-US"},{"@type":"Organization","@id":"https://masterfrisormobler.se/#organization","name":"Nord master frisör mobler","url":"https://masterfrisormobler.se/","logo":{"@type":"ImageObject","inLanguage":"en-US","@id":"https://masterfrisormobler.se/#/schema/logo/image/","url":"https://masterfrisormobler.se/wp-content/uploads/2023/08/cropped-512x512-sara.jpeg","contentUrl":"https://masterfrisormobler.se/wp-content/uploads/2023/08/cropped-512x512-sara.jpeg","width":512,"height":512,"caption":"Nord master frisör mobler"},"image":{"@id":"https://masterfrisormobler.se/#/schema/logo/image/"},"sameAs":["https://www.facebook.com/profile.php?id=100095573704473","https://www.tiktok.com/@master.frisr.mble","https://www.instagram.com/masterfrisormobler/"]}]}</script>
<!-- / Yoast SEO plugin. -->

UV-sterilisatorlåda - Nord Master Frisör Möbler

Nord Master Frisör Möbler

Den bästa butiken för att sälja Frisörmöbler och produkter.

Nord master frisör mobler
