{"id":6880,"date":"2025-10-16T17:07:20","date_gmt":"2025-10-16T17:07:20","guid":{"rendered":"https:\/\/masterfrisormobler.se\/?post_type=product&#038;p=6880"},"modified":"2025-10-16T17:07:20","modified_gmt":"2025-10-16T17:07:20","slug":"vgr-professional-hair-trimmer-shaver-combo-set-svart","status":"publish","type":"product","link":"https:\/\/masterfrisormobler.se\/en\/product\/vgr-professional-hair-trimmer-shaver-combo-set-svart\/","title":{"rendered":"VGR\u00a0 Professional Hair Trimmer &#038; Shaver Combo Set Svart"},"content":{"rendered":"<p>VGR\u00a0 Professional Hair Trimmer &amp; Shaver Combo Set Svart<\/p>\n<p>The\u00a0<strong>VGR V-977 &amp; V-377 Professional Barber Combo<\/strong>\u00a0is the perfect grooming kit designed for salon professionals and men who desire precision and efficiency. The trimmer features\u00a0<strong>DLC-coated blades<\/strong>\u00a0and a powerful\u00a0<strong>6000-8000RPM motor<\/strong>, while the shaver comes with\u00a0<strong>double titanium foils<\/strong>\u00a0and a\u00a0<strong>7000-9000RPM motor<\/strong>, ensuring a smooth and precise grooming experience. This combo offers 21 adjustable speed levels, smart\u00a0<strong>LED displays<\/strong>, and both corded and cordless functionality for ultimate flexibility.<\/p>\n<p>With a\u00a0<strong>2500mAh rechargeable lithium battery<\/strong>\u00a0in the trimmer and\u00a0<strong>1400mAh lithium battery<\/strong>\u00a0in the shaver, the kit ensures extended runtime (up to 300 minutes for the trimmer and 140 minutes for the shaver). The combo comes with a range of accessories, including guide combs (1.5\/3\/4.5\/6mm), a rubber grip, lubricating oil, and a USB Type-C charging base, making it convenient and portable.<\/p>","protected":false},"excerpt":{"rendered":"<p>VGR\u00a0 Professional Hair Trimmer &amp; Shaver Combo Set\u00a0 Svart<\/p>","protected":false},"featured_media":6881,"template":"","meta":{"site-sidebar-layout":"default","site-content-layout":"","ast-site-content-layout":"default","site-content-style":"default","site-sidebar-style":"default","ast-global-header-display":"","ast-banner-title-visibility":"","ast-main-header-display":"","ast-hfb-above-header-display":"","ast-hfb-below-header-display":"","ast-hfb-mobile-header-display":"","site-post-title":"","ast-breadcrumbs-content":"","ast-featured-img":"","footer-sml-layout":"","theme-transparent-header-meta":"default","adv-header-id-meta":"","stick-header-meta":"","header-above-stick-meta":"","header-main-stick-meta":"","header-below-stick-meta":"","astra-migrate-meta-layouts":"set","_joinchat":[]},"product_cat":[57,77,75],"product_tag":[],"yoast_head":"<!-- This site is optimized with the Yoast SEO plugin v21.2 - https:\/\/yoast.com\/wordpress\/plugins\/seo\/ -->\n<title>VGR\u00a0 Professional Hair Trimmer &amp; Shaver Combo Set Svart - Nord Master Fris\u00f6r M\u00f6bler<\/title>\n<meta name=\"description\" content=\"VGR\u00a0 Professional Hair Trimmer &amp; Shaver Combo Set Svart\" \/>\n<meta name=\"robots\" content=\"index, follow, max-snippet:-1, max-image-preview:large, max-video-preview:-1\" \/>\n<link rel=\"canonical\" href=\"https:\/\/masterfrisormobler.se\/en\/product\/vgr-professional-hair-trimmer-shaver-combo-set-svart\/\" \/>\n<meta property=\"og:locale\" content=\"en_US\" \/>\n<meta property=\"og:type\" content=\"article\" \/>\n<meta property=\"og:title\" content=\"VGR\u00a0 Professional Hair Trimmer &amp; Shaver Combo Set Svart - Nord Master Fris\u00f6r M\u00f6bler\" \/>\n<meta property=\"og:description\" content=\"VGR\u00a0 Professional Hair Trimmer &amp; Shaver Combo Set Svart\" \/>\n<meta property=\"og:url\" content=\"https:\/\/masterfrisormobler.se\/en\/product\/vgr-professional-hair-trimmer-shaver-combo-set-svart\/\" \/>\n<meta property=\"og:site_name\" content=\"Nord Master Fris\u00f6r M\u00f6bler\" \/>\n<meta property=\"article:publisher\" content=\"https:\/\/www.facebook.com\/profile.php?id=100095573704473\" \/>\n<meta property=\"og:image\" content=\"https:\/\/masterfrisormobler.se\/wp-content\/uploads\/2025\/10\/1736219376633_V-977V-377\u9ed1\u8272\u5957\u88c5.jpg\" \/>\n\t<meta property=\"og:image:width\" content=\"800\" \/>\n\t<meta property=\"og:image:height\" content=\"800\" \/>\n\t<meta property=\"og:image:type\" content=\"image\/jpeg\" \/>\n<meta name=\"twitter:card\" content=\"summary_large_image\" \/>\n<meta name=\"twitter:label1\" content=\"Est. reading time\" \/>\n\t<meta name=\"twitter:data1\" content=\"1 minute\" \/>\n<script type=\"application\/ld+json\" class=\"yoast-schema-graph\">{\"@context\":\"https:\/\/schema.org\",\"@graph\":[{\"@type\":\"WebPage\",\"@id\":\"https:\/\/masterfrisormobler.se\/product\/vgr-professional-hair-trimmer-shaver-combo-set-svart\/\",\"url\":\"https:\/\/masterfrisormobler.se\/product\/vgr-professional-hair-trimmer-shaver-combo-set-svart\/\",\"name\":\"VGR\u00a0 Professional Hair Trimmer & Shaver Combo Set Svart - Nord Master Fris\u00f6r M\u00f6bler\",\"isPartOf\":{\"@id\":\"https:\/\/masterfrisormobler.se\/#website\"},\"datePublished\":\"2025-10-16T17:07:20+00:00\",\"dateModified\":\"2025-10-16T17:07:20+00:00\",\"description\":\"VGR\u00a0 Professional Hair Trimmer & Shaver Combo Set Svart\",\"breadcrumb\":{\"@id\":\"https:\/\/masterfrisormobler.se\/product\/vgr-professional-hair-trimmer-shaver-combo-set-svart\/#breadcrumb\"},\"inLanguage\":\"en-US\",\"potentialAction\":[{\"@type\":\"ReadAction\",\"target\":[\"https:\/\/masterfrisormobler.se\/product\/vgr-professional-hair-trimmer-shaver-combo-set-svart\/\"]}]},{\"@type\":\"BreadcrumbList\",\"@id\":\"https:\/\/masterfrisormobler.se\/product\/vgr-professional-hair-trimmer-shaver-combo-set-svart\/#breadcrumb\",\"itemListElement\":[{\"@type\":\"ListItem\",\"position\":1,\"name\":\"Home\",\"item\":\"https:\/\/masterfrisormobler.se\/\"},{\"@type\":\"ListItem\",\"position\":2,\"name\":\"Store\",\"item\":\"https:\/\/masterfrisormobler.se\/store-master-frisor-mobler\/\"},{\"@type\":\"ListItem\",\"position\":3,\"name\":\"VGR\u00a0 Professional Hair Trimmer &#038; Shaver Combo Set Svart\"}]},{\"@type\":\"WebSite\",\"@id\":\"https:\/\/masterfrisormobler.se\/#website\",\"url\":\"https:\/\/masterfrisormobler.se\/\",\"name\":\"https:\/\/masterfrisormobler.se\/\",\"description\":\"Den b\u00e4sta butiken f\u00f6r att s\u00e4lja Fris\u00f6rm\u00f6bler och produkter.\",\"publisher\":{\"@id\":\"https:\/\/masterfrisormobler.se\/#organization\"},\"potentialAction\":[{\"@type\":\"SearchAction\",\"target\":{\"@type\":\"EntryPoint\",\"urlTemplate\":\"https:\/\/masterfrisormobler.se\/?s={search_term_string}\"},\"query-input\":\"required name=search_term_string\"}],\"inLanguage\":\"en-US\"},{\"@type\":\"Organization\",\"@id\":\"https:\/\/masterfrisormobler.se\/#organization\",\"name\":\"Nord master fris\u00f6r mobler\",\"url\":\"https:\/\/masterfrisormobler.se\/\",\"logo\":{\"@type\":\"ImageObject\",\"inLanguage\":\"en-US\",\"@id\":\"https:\/\/masterfrisormobler.se\/#\/schema\/logo\/image\/\",\"url\":\"https:\/\/masterfrisormobler.se\/wp-content\/uploads\/2023\/08\/cropped-512x512-sara.jpeg\",\"contentUrl\":\"https:\/\/masterfrisormobler.se\/wp-content\/uploads\/2023\/08\/cropped-512x512-sara.jpeg\",\"width\":512,\"height\":512,\"caption\":\"Nord master fris\u00f6r mobler\"},\"image\":{\"@id\":\"https:\/\/masterfrisormobler.se\/#\/schema\/logo\/image\/\"},\"sameAs\":[\"https:\/\/www.facebook.com\/profile.php?id=100095573704473\",\"https:\/\/www.tiktok.com\/@master.frisr.mble\",\"https:\/\/www.instagram.com\/masterfrisormobler\/\"]}]}<\/script>\n<!-- \/ Yoast SEO plugin. -->","yoast_head_json":{"title":"VGR\u00a0 Professional Hair Trimmer & Shaver Combo Set Svart - Nord Master Fris\u00f6r M\u00f6bler","description":"VGR\u00a0 Professional Hair Trimmer & Shaver Combo Set Svart","robots":{"index":"index","follow":"follow","max-snippet":"max-snippet:-1","max-image-preview":"max-image-preview:large","max-video-preview":"max-video-preview:-1"},"canonical":"https:\/\/masterfrisormobler.se\/en\/product\/vgr-professional-hair-trimmer-shaver-combo-set-svart\/","og_locale":"en_US","og_type":"article","og_title":"VGR\u00a0 Professional Hair Trimmer & Shaver Combo Set Svart - Nord Master Fris\u00f6r M\u00f6bler","og_description":"VGR\u00a0 Professional Hair Trimmer & Shaver Combo Set Svart","og_url":"https:\/\/masterfrisormobler.se\/en\/product\/vgr-professional-hair-trimmer-shaver-combo-set-svart\/","og_site_name":"Nord Master Fris\u00f6r M\u00f6bler","article_publisher":"https:\/\/www.facebook.com\/profile.php?id=100095573704473","og_image":[{"width":800,"height":800,"url":"https:\/\/masterfrisormobler.se\/wp-content\/uploads\/2025\/10\/1736219376633_V-977V-377\u9ed1\u8272\u5957\u88c5.jpg","type":"image\/jpeg"}],"twitter_card":"summary_large_image","twitter_misc":{"Est. reading time":"1 minute"},"schema":{"@context":"https:\/\/schema.org","@graph":[{"@type":"WebPage","@id":"https:\/\/masterfrisormobler.se\/product\/vgr-professional-hair-trimmer-shaver-combo-set-svart\/","url":"https:\/\/masterfrisormobler.se\/product\/vgr-professional-hair-trimmer-shaver-combo-set-svart\/","name":"VGR\u00a0 Professional Hair Trimmer & Shaver Combo Set Svart - Nord Master Fris\u00f6r M\u00f6bler","isPartOf":{"@id":"https:\/\/masterfrisormobler.se\/#website"},"datePublished":"2025-10-16T17:07:20+00:00","dateModified":"2025-10-16T17:07:20+00:00","description":"VGR\u00a0 Professional Hair Trimmer & Shaver Combo Set Svart","breadcrumb":{"@id":"https:\/\/masterfrisormobler.se\/product\/vgr-professional-hair-trimmer-shaver-combo-set-svart\/#breadcrumb"},"inLanguage":"en-US","potentialAction":[{"@type":"ReadAction","target":["https:\/\/masterfrisormobler.se\/product\/vgr-professional-hair-trimmer-shaver-combo-set-svart\/"]}]},{"@type":"BreadcrumbList","@id":"https:\/\/masterfrisormobler.se\/product\/vgr-professional-hair-trimmer-shaver-combo-set-svart\/#breadcrumb","itemListElement":[{"@type":"ListItem","position":1,"name":"Home","item":"https:\/\/masterfrisormobler.se\/"},{"@type":"ListItem","position":2,"name":"Store","item":"https:\/\/masterfrisormobler.se\/store-master-frisor-mobler\/"},{"@type":"ListItem","position":3,"name":"VGR\u00a0 Professional Hair Trimmer &#038; Shaver Combo Set Svart"}]},{"@type":"WebSite","@id":"https:\/\/masterfrisormobler.se\/#website","url":"https:\/\/masterfrisormobler.se\/","name":"https:\/\/masterfrisormobler.se\/","description":"Den b\u00e4sta butiken f\u00f6r att s\u00e4lja Fris\u00f6rm\u00f6bler och produkter.","publisher":{"@id":"https:\/\/masterfrisormobler.se\/#organization"},"potentialAction":[{"@type":"SearchAction","target":{"@type":"EntryPoint","urlTemplate":"https:\/\/masterfrisormobler.se\/?s={search_term_string}"},"query-input":"required name=search_term_string"}],"inLanguage":"en-US"},{"@type":"Organization","@id":"https:\/\/masterfrisormobler.se\/#organization","name":"Nord master fris\u00f6r mobler","url":"https:\/\/masterfrisormobler.se\/","logo":{"@type":"ImageObject","inLanguage":"en-US","@id":"https:\/\/masterfrisormobler.se\/#\/schema\/logo\/image\/","url":"https:\/\/masterfrisormobler.se\/wp-content\/uploads\/2023\/08\/cropped-512x512-sara.jpeg","contentUrl":"https:\/\/masterfrisormobler.se\/wp-content\/uploads\/2023\/08\/cropped-512x512-sara.jpeg","width":512,"height":512,"caption":"Nord master fris\u00f6r mobler"},"image":{"@id":"https:\/\/masterfrisormobler.se\/#\/schema\/logo\/image\/"},"sameAs":["https:\/\/www.facebook.com\/profile.php?id=100095573704473","https:\/\/www.tiktok.com\/@master.frisr.mble","https:\/\/www.instagram.com\/masterfrisormobler\/"]}]}},"_links":{"self":[{"href":"https:\/\/masterfrisormobler.se\/en\/wp-json\/wp\/v2\/product\/6880"}],"collection":[{"href":"https:\/\/masterfrisormobler.se\/en\/wp-json\/wp\/v2\/product"}],"about":[{"href":"https:\/\/masterfrisormobler.se\/en\/wp-json\/wp\/v2\/types\/product"}],"version-history":[{"count":1,"href":"https:\/\/masterfrisormobler.se\/en\/wp-json\/wp\/v2\/product\/6880\/revisions"}],"predecessor-version":[{"id":6883,"href":"https:\/\/masterfrisormobler.se\/en\/wp-json\/wp\/v2\/product\/6880\/revisions\/6883"}],"wp:featuredmedia":[{"embeddable":true,"href":"https:\/\/masterfrisormobler.se\/en\/wp-json\/wp\/v2\/media\/6881"}],"wp:attachment":[{"href":"https:\/\/masterfrisormobler.se\/en\/wp-json\/wp\/v2\/media?parent=6880"}],"wp:term":[{"taxonomy":"product_cat","embeddable":true,"href":"https:\/\/masterfrisormobler.se\/en\/wp-json\/wp\/v2\/product_cat?post=6880"},{"taxonomy":"product_tag","embeddable":true,"href":"https:\/\/masterfrisormobler.se\/en\/wp-json\/wp\/v2\/product_tag?post=6880"}],"curies":[{"name":"wp","href":"https:\/\/api.w.org\/{rel}","templated":true}]}}

<!-- This site is optimized with the Yoast SEO plugin v21.2 - https://yoast.com/wordpress/plugins/seo/ -->
<title>VGR  Professional Hair Trimmer &amp; Shaver Combo Set Svart - Nord Master Frisör Möbler</title>
<meta name="description" content="VGR  Professional Hair Trimmer &amp; Shaver Combo Set Svart" />
<meta name="robots" content="index, follow, max-snippet:-1, max-image-preview:large, max-video-preview:-1" />
<link rel="canonical" href="https://masterfrisormobler.se/en/product/vgr-professional-hair-trimmer-shaver-combo-set-svart/" />
<meta property="og:locale" content="en_US" />
<meta property="og:type" content="article" />
<meta property="og:title" content="VGR  Professional Hair Trimmer &amp; Shaver Combo Set Svart - Nord Master Frisör Möbler" />
<meta property="og:description" content="VGR  Professional Hair Trimmer &amp; Shaver Combo Set Svart" />
<meta property="og:url" content="https://masterfrisormobler.se/en/product/vgr-professional-hair-trimmer-shaver-combo-set-svart/" />
<meta property="og:site_name" content="Nord Master Frisör Möbler" />
<meta property="article:publisher" content="https://www.facebook.com/profile.php?id=100095573704473" />
<meta property="og:image" content="https://masterfrisormobler.se/wp-content/uploads/2025/10/1736219376633_V-977V-377黑色套装.jpg" />
	<meta property="og:image:width" content="800" />
	<meta property="og:image:height" content="800" />
	<meta property="og:image:type" content="image/jpeg" />
<meta name="twitter:card" content="summary_large_image" />
<meta name="twitter:label1" content="Est. reading time" />
	<meta name="twitter:data1" content="1 minute" />
<script type="application/ld+json" class="yoast-schema-graph">{"@context":"https://schema.org","@graph":[{"@type":"WebPage","@id":"https://masterfrisormobler.se/product/vgr-professional-hair-trimmer-shaver-combo-set-svart/","url":"https://masterfrisormobler.se/product/vgr-professional-hair-trimmer-shaver-combo-set-svart/","name":"VGR  Professional Hair Trimmer & Shaver Combo Set Svart - Nord Master Frisör Möbler","isPartOf":{"@id":"https://masterfrisormobler.se/#website"},"datePublished":"2025-10-16T17:07:20+00:00","dateModified":"2025-10-16T17:07:20+00:00","description":"VGR  Professional Hair Trimmer & Shaver Combo Set Svart","breadcrumb":{"@id":"https://masterfrisormobler.se/product/vgr-professional-hair-trimmer-shaver-combo-set-svart/#breadcrumb"},"inLanguage":"en-US","potentialAction":[{"@type":"ReadAction","target":["https://masterfrisormobler.se/product/vgr-professional-hair-trimmer-shaver-combo-set-svart/"]}]},{"@type":"BreadcrumbList","@id":"https://masterfrisormobler.se/product/vgr-professional-hair-trimmer-shaver-combo-set-svart/#breadcrumb","itemListElement":[{"@type":"ListItem","position":1,"name":"Home","item":"https://masterfrisormobler.se/"},{"@type":"ListItem","position":2,"name":"Store","item":"https://masterfrisormobler.se/store-master-frisor-mobler/"},{"@type":"ListItem","position":3,"name":"VGR  Professional Hair Trimmer &#038; Shaver Combo Set Svart"}]},{"@type":"WebSite","@id":"https://masterfrisormobler.se/#website","url":"https://masterfrisormobler.se/","name":"https://masterfrisormobler.se/","description":"Den bästa butiken för att sälja Frisörmöbler och produkter.","publisher":{"@id":"https://masterfrisormobler.se/#organization"},"potentialAction":[{"@type":"SearchAction","target":{"@type":"EntryPoint","urlTemplate":"https://masterfrisormobler.se/?s={search_term_string}"},"query-input":"required name=search_term_string"}],"inLanguage":"en-US"},{"@type":"Organization","@id":"https://masterfrisormobler.se/#organization","name":"Nord master frisör mobler","url":"https://masterfrisormobler.se/","logo":{"@type":"ImageObject","inLanguage":"en-US","@id":"https://masterfrisormobler.se/#/schema/logo/image/","url":"https://masterfrisormobler.se/wp-content/uploads/2023/08/cropped-512x512-sara.jpeg","contentUrl":"https://masterfrisormobler.se/wp-content/uploads/2023/08/cropped-512x512-sara.jpeg","width":512,"height":512,"caption":"Nord master frisör mobler"},"image":{"@id":"https://masterfrisormobler.se/#/schema/logo/image/"},"sameAs":["https://www.facebook.com/profile.php?id=100095573704473","https://www.tiktok.com/@master.frisr.mble","https://www.instagram.com/masterfrisormobler/"]}]}</script>
<!-- / Yoast SEO plugin. -->

VGR  Professional Hair Trimmer & Shaver Combo Set Svart - Nord Master Frisör Möbler

Nord Master Frisör Möbler

https://masterfrisormobler.se/wp-content/uploads/2025/10/1736219376633_V-977V-377黑色套装.jpg

Den bästa butiken för att sälja Frisörmöbler och produkter.

Nord master frisör mobler
