{"id":6850,"date":"2025-10-16T16:17:20","date_gmt":"2025-10-16T16:17:20","guid":{"rendered":"https:\/\/masterfrisormobler.se\/?post_type=product&#038;p=6850"},"modified":"2026-04-13T13:24:52","modified_gmt":"2026-04-13T13:24:52","slug":"vgr-harklippare-v285","status":"publish","type":"product","link":"https:\/\/masterfrisormobler.se\/en\/product\/vgr-harklippare-v285\/","title":{"rendered":"VGR H\u00e5rklippare V285"},"content":{"rendered":"<p>VGR H\u00e5rklippare f\u00f6r m\u00e4n &#8211; Tr\u00e5dl\u00f6s elektrisk h\u00e5rtrimmer med LED-display, uppladdningsbart batteri, 5-i-1 justerbara hastigheter, 3-i-1 skyddssystem, klippare &amp; kam f\u00f6r sk\u00e4gg, mustasch, kropp &amp; ansiktsv\u00e5rd &#8211; Perfekt present till m\u00e4n, make,<\/p>","protected":false},"excerpt":{"rendered":"<p>VGR H\u00e5rklippare V285<\/p>","protected":false},"featured_media":6851,"template":"","meta":{"site-sidebar-layout":"default","site-content-layout":"","ast-site-content-layout":"default","site-content-style":"default","site-sidebar-style":"default","ast-global-header-display":"","ast-banner-title-visibility":"","ast-main-header-display":"","ast-hfb-above-header-display":"","ast-hfb-below-header-display":"","ast-hfb-mobile-header-display":"","site-post-title":"","ast-breadcrumbs-content":"","ast-featured-img":"","footer-sml-layout":"","theme-transparent-header-meta":"default","adv-header-id-meta":"","stick-header-meta":"","header-above-stick-meta":"","header-main-stick-meta":"","header-below-stick-meta":"","astra-migrate-meta-layouts":"set","_joinchat":[]},"product_cat":[57,77,75],"product_tag":[],"yoast_head":"<!-- This site is optimized with the Yoast SEO plugin v21.2 - https:\/\/yoast.com\/wordpress\/plugins\/seo\/ -->\n<title>VGR H\u00e5rklippare V285 - Nord Master Fris\u00f6r M\u00f6bler<\/title>\n<meta name=\"description\" content=\"VGR H\u00e5rklippare V285,\" \/>\n<meta name=\"robots\" content=\"index, follow, max-snippet:-1, max-image-preview:large, max-video-preview:-1\" \/>\n<link rel=\"canonical\" href=\"https:\/\/masterfrisormobler.se\/en\/product\/vgr-harklippare-v285\/\" \/>\n<meta property=\"og:locale\" content=\"en_US\" \/>\n<meta property=\"og:type\" content=\"article\" \/>\n<meta property=\"og:title\" content=\"VGR H\u00e5rklippare V285 - Nord Master Fris\u00f6r M\u00f6bler\" \/>\n<meta property=\"og:description\" content=\"VGR H\u00e5rklippare V285,\" \/>\n<meta property=\"og:url\" content=\"https:\/\/masterfrisormobler.se\/en\/product\/vgr-harklippare-v285\/\" \/>\n<meta property=\"og:site_name\" content=\"Nord Master Fris\u00f6r M\u00f6bler\" \/>\n<meta property=\"article:publisher\" content=\"https:\/\/www.facebook.com\/profile.php?id=100095573704473\" \/>\n<meta property=\"article:modified_time\" content=\"2026-04-13T13:24:52+00:00\" \/>\n<meta property=\"og:image\" content=\"https:\/\/masterfrisormobler.se\/wp-content\/uploads\/2025\/10\/7-CUCHILLA-nuevo.jpg\" \/>\n\t<meta property=\"og:image:width\" content=\"1500\" \/>\n\t<meta property=\"og:image:height\" content=\"1500\" \/>\n\t<meta property=\"og:image:type\" content=\"image\/jpeg\" \/>\n<meta name=\"twitter:card\" content=\"summary_large_image\" \/>\n<meta name=\"twitter:label1\" content=\"Est. reading time\" \/>\n\t<meta name=\"twitter:data1\" content=\"1 minute\" \/>\n<script type=\"application\/ld+json\" class=\"yoast-schema-graph\">{\"@context\":\"https:\/\/schema.org\",\"@graph\":[{\"@type\":\"WebPage\",\"@id\":\"https:\/\/masterfrisormobler.se\/product\/vgr-harklippare-v285\/\",\"url\":\"https:\/\/masterfrisormobler.se\/product\/vgr-harklippare-v285\/\",\"name\":\"VGR H\u00e5rklippare V285 - Nord Master Fris\u00f6r M\u00f6bler\",\"isPartOf\":{\"@id\":\"https:\/\/masterfrisormobler.se\/#website\"},\"datePublished\":\"2025-10-16T16:17:20+00:00\",\"dateModified\":\"2026-04-13T13:24:52+00:00\",\"description\":\"VGR H\u00e5rklippare V285,\",\"breadcrumb\":{\"@id\":\"https:\/\/masterfrisormobler.se\/product\/vgr-harklippare-v285\/#breadcrumb\"},\"inLanguage\":\"en-US\",\"potentialAction\":[{\"@type\":\"ReadAction\",\"target\":[\"https:\/\/masterfrisormobler.se\/product\/vgr-harklippare-v285\/\"]}]},{\"@type\":\"BreadcrumbList\",\"@id\":\"https:\/\/masterfrisormobler.se\/product\/vgr-harklippare-v285\/#breadcrumb\",\"itemListElement\":[{\"@type\":\"ListItem\",\"position\":1,\"name\":\"Home\",\"item\":\"https:\/\/masterfrisormobler.se\/\"},{\"@type\":\"ListItem\",\"position\":2,\"name\":\"Store\",\"item\":\"https:\/\/masterfrisormobler.se\/store-master-frisor-mobler\/\"},{\"@type\":\"ListItem\",\"position\":3,\"name\":\"VGR H\u00e5rklippare V285\"}]},{\"@type\":\"WebSite\",\"@id\":\"https:\/\/masterfrisormobler.se\/#website\",\"url\":\"https:\/\/masterfrisormobler.se\/\",\"name\":\"https:\/\/masterfrisormobler.se\/\",\"description\":\"Den b\u00e4sta butiken f\u00f6r att s\u00e4lja Fris\u00f6rm\u00f6bler och produkter.\",\"publisher\":{\"@id\":\"https:\/\/masterfrisormobler.se\/#organization\"},\"potentialAction\":[{\"@type\":\"SearchAction\",\"target\":{\"@type\":\"EntryPoint\",\"urlTemplate\":\"https:\/\/masterfrisormobler.se\/?s={search_term_string}\"},\"query-input\":\"required name=search_term_string\"}],\"inLanguage\":\"en-US\"},{\"@type\":\"Organization\",\"@id\":\"https:\/\/masterfrisormobler.se\/#organization\",\"name\":\"Nord master fris\u00f6r mobler\",\"url\":\"https:\/\/masterfrisormobler.se\/\",\"logo\":{\"@type\":\"ImageObject\",\"inLanguage\":\"en-US\",\"@id\":\"https:\/\/masterfrisormobler.se\/#\/schema\/logo\/image\/\",\"url\":\"https:\/\/masterfrisormobler.se\/wp-content\/uploads\/2023\/08\/cropped-512x512-sara.jpeg\",\"contentUrl\":\"https:\/\/masterfrisormobler.se\/wp-content\/uploads\/2023\/08\/cropped-512x512-sara.jpeg\",\"width\":512,\"height\":512,\"caption\":\"Nord master fris\u00f6r mobler\"},\"image\":{\"@id\":\"https:\/\/masterfrisormobler.se\/#\/schema\/logo\/image\/\"},\"sameAs\":[\"https:\/\/www.facebook.com\/profile.php?id=100095573704473\",\"https:\/\/www.tiktok.com\/@master.frisr.mble\",\"https:\/\/www.instagram.com\/masterfrisormobler\/\"]}]}<\/script>\n<!-- \/ Yoast SEO plugin. -->","yoast_head_json":{"title":"VGR H\u00e5rklippare V285 - Nord Master Fris\u00f6r M\u00f6bler","description":"VGR H\u00e5rklippare V285,","robots":{"index":"index","follow":"follow","max-snippet":"max-snippet:-1","max-image-preview":"max-image-preview:large","max-video-preview":"max-video-preview:-1"},"canonical":"https:\/\/masterfrisormobler.se\/en\/product\/vgr-harklippare-v285\/","og_locale":"en_US","og_type":"article","og_title":"VGR H\u00e5rklippare V285 - Nord Master Fris\u00f6r M\u00f6bler","og_description":"VGR H\u00e5rklippare V285,","og_url":"https:\/\/masterfrisormobler.se\/en\/product\/vgr-harklippare-v285\/","og_site_name":"Nord Master Fris\u00f6r M\u00f6bler","article_publisher":"https:\/\/www.facebook.com\/profile.php?id=100095573704473","article_modified_time":"2026-04-13T13:24:52+00:00","og_image":[{"width":1500,"height":1500,"url":"https:\/\/masterfrisormobler.se\/wp-content\/uploads\/2025\/10\/7-CUCHILLA-nuevo.jpg","type":"image\/jpeg"}],"twitter_card":"summary_large_image","twitter_misc":{"Est. reading time":"1 minute"},"schema":{"@context":"https:\/\/schema.org","@graph":[{"@type":"WebPage","@id":"https:\/\/masterfrisormobler.se\/product\/vgr-harklippare-v285\/","url":"https:\/\/masterfrisormobler.se\/product\/vgr-harklippare-v285\/","name":"VGR H\u00e5rklippare V285 - Nord Master Fris\u00f6r M\u00f6bler","isPartOf":{"@id":"https:\/\/masterfrisormobler.se\/#website"},"datePublished":"2025-10-16T16:17:20+00:00","dateModified":"2026-04-13T13:24:52+00:00","description":"VGR H\u00e5rklippare V285,","breadcrumb":{"@id":"https:\/\/masterfrisormobler.se\/product\/vgr-harklippare-v285\/#breadcrumb"},"inLanguage":"en-US","potentialAction":[{"@type":"ReadAction","target":["https:\/\/masterfrisormobler.se\/product\/vgr-harklippare-v285\/"]}]},{"@type":"BreadcrumbList","@id":"https:\/\/masterfrisormobler.se\/product\/vgr-harklippare-v285\/#breadcrumb","itemListElement":[{"@type":"ListItem","position":1,"name":"Home","item":"https:\/\/masterfrisormobler.se\/"},{"@type":"ListItem","position":2,"name":"Store","item":"https:\/\/masterfrisormobler.se\/store-master-frisor-mobler\/"},{"@type":"ListItem","position":3,"name":"VGR H\u00e5rklippare V285"}]},{"@type":"WebSite","@id":"https:\/\/masterfrisormobler.se\/#website","url":"https:\/\/masterfrisormobler.se\/","name":"https:\/\/masterfrisormobler.se\/","description":"Den b\u00e4sta butiken f\u00f6r att s\u00e4lja Fris\u00f6rm\u00f6bler och produkter.","publisher":{"@id":"https:\/\/masterfrisormobler.se\/#organization"},"potentialAction":[{"@type":"SearchAction","target":{"@type":"EntryPoint","urlTemplate":"https:\/\/masterfrisormobler.se\/?s={search_term_string}"},"query-input":"required name=search_term_string"}],"inLanguage":"en-US"},{"@type":"Organization","@id":"https:\/\/masterfrisormobler.se\/#organization","name":"Nord master fris\u00f6r mobler","url":"https:\/\/masterfrisormobler.se\/","logo":{"@type":"ImageObject","inLanguage":"en-US","@id":"https:\/\/masterfrisormobler.se\/#\/schema\/logo\/image\/","url":"https:\/\/masterfrisormobler.se\/wp-content\/uploads\/2023\/08\/cropped-512x512-sara.jpeg","contentUrl":"https:\/\/masterfrisormobler.se\/wp-content\/uploads\/2023\/08\/cropped-512x512-sara.jpeg","width":512,"height":512,"caption":"Nord master fris\u00f6r mobler"},"image":{"@id":"https:\/\/masterfrisormobler.se\/#\/schema\/logo\/image\/"},"sameAs":["https:\/\/www.facebook.com\/profile.php?id=100095573704473","https:\/\/www.tiktok.com\/@master.frisr.mble","https:\/\/www.instagram.com\/masterfrisormobler\/"]}]}},"_links":{"self":[{"href":"https:\/\/masterfrisormobler.se\/en\/wp-json\/wp\/v2\/product\/6850"}],"collection":[{"href":"https:\/\/masterfrisormobler.se\/en\/wp-json\/wp\/v2\/product"}],"about":[{"href":"https:\/\/masterfrisormobler.se\/en\/wp-json\/wp\/v2\/types\/product"}],"version-history":[{"count":1,"href":"https:\/\/masterfrisormobler.se\/en\/wp-json\/wp\/v2\/product\/6850\/revisions"}],"predecessor-version":[{"id":6856,"href":"https:\/\/masterfrisormobler.se\/en\/wp-json\/wp\/v2\/product\/6850\/revisions\/6856"}],"wp:featuredmedia":[{"embeddable":true,"href":"https:\/\/masterfrisormobler.se\/en\/wp-json\/wp\/v2\/media\/6851"}],"wp:attachment":[{"href":"https:\/\/masterfrisormobler.se\/en\/wp-json\/wp\/v2\/media?parent=6850"}],"wp:term":[{"taxonomy":"product_cat","embeddable":true,"href":"https:\/\/masterfrisormobler.se\/en\/wp-json\/wp\/v2\/product_cat?post=6850"},{"taxonomy":"product_tag","embeddable":true,"href":"https:\/\/masterfrisormobler.se\/en\/wp-json\/wp\/v2\/product_tag?post=6850"}],"curies":[{"name":"wp","href":"https:\/\/api.w.org\/{rel}","templated":true}]}}

VGR Hårklippare V285

<p>VGR Hårklippare för män &#8211; Trådlös elektrisk hårtrimmer med LED-display, uppladdningsbart batteri, 5-i-1 justerbara hastigheter, 3-i-1 skyddssystem, klippare &amp; kam för skägg, mustasch, kropp &amp; ansiktsvård &#8211; Perfekt present till män, make,</p>

<p>VGR Hårklippare V285</p>

<!-- This site is optimized with the Yoast SEO plugin v21.2 - https://yoast.com/wordpress/plugins/seo/ -->
<title>VGR Hårklippare V285 - Nord Master Frisör Möbler</title>
<meta name="description" content="VGR Hårklippare V285," />
<meta name="robots" content="index, follow, max-snippet:-1, max-image-preview:large, max-video-preview:-1" />
<link rel="canonical" href="https://masterfrisormobler.se/en/product/vgr-harklippare-v285/" />
<meta property="og:locale" content="en_US" />
<meta property="og:type" content="article" />
<meta property="og:title" content="VGR Hårklippare V285 - Nord Master Frisör Möbler" />
<meta property="og:description" content="VGR Hårklippare V285," />
<meta property="og:url" content="https://masterfrisormobler.se/en/product/vgr-harklippare-v285/" />
<meta property="og:site_name" content="Nord Master Frisör Möbler" />
<meta property="article:publisher" content="https://www.facebook.com/profile.php?id=100095573704473" />
<meta property="article:modified_time" content="2026-04-13T13:24:52+00:00" />
<meta property="og:image" content="https://masterfrisormobler.se/wp-content/uploads/2025/10/7-CUCHILLA-nuevo.jpg" />
	<meta property="og:image:width" content="1500" />
	<meta property="og:image:height" content="1500" />
	<meta property="og:image:type" content="image/jpeg" />
<meta name="twitter:card" content="summary_large_image" />
<meta name="twitter:label1" content="Est. reading time" />
	<meta name="twitter:data1" content="1 minute" />
<script type="application/ld+json" class="yoast-schema-graph">{"@context":"https://schema.org","@graph":[{"@type":"WebPage","@id":"https://masterfrisormobler.se/product/vgr-harklippare-v285/","url":"https://masterfrisormobler.se/product/vgr-harklippare-v285/","name":"VGR Hårklippare V285 - Nord Master Frisör Möbler","isPartOf":{"@id":"https://masterfrisormobler.se/#website"},"datePublished":"2025-10-16T16:17:20+00:00","dateModified":"2026-04-13T13:24:52+00:00","description":"VGR Hårklippare V285,","breadcrumb":{"@id":"https://masterfrisormobler.se/product/vgr-harklippare-v285/#breadcrumb"},"inLanguage":"en-US","potentialAction":[{"@type":"ReadAction","target":["https://masterfrisormobler.se/product/vgr-harklippare-v285/"]}]},{"@type":"BreadcrumbList","@id":"https://masterfrisormobler.se/product/vgr-harklippare-v285/#breadcrumb","itemListElement":[{"@type":"ListItem","position":1,"name":"Home","item":"https://masterfrisormobler.se/"},{"@type":"ListItem","position":2,"name":"Store","item":"https://masterfrisormobler.se/store-master-frisor-mobler/"},{"@type":"ListItem","position":3,"name":"VGR Hårklippare V285"}]},{"@type":"WebSite","@id":"https://masterfrisormobler.se/#website","url":"https://masterfrisormobler.se/","name":"https://masterfrisormobler.se/","description":"Den bästa butiken för att sälja Frisörmöbler och produkter.","publisher":{"@id":"https://masterfrisormobler.se/#organization"},"potentialAction":[{"@type":"SearchAction","target":{"@type":"EntryPoint","urlTemplate":"https://masterfrisormobler.se/?s={search_term_string}"},"query-input":"required name=search_term_string"}],"inLanguage":"en-US"},{"@type":"Organization","@id":"https://masterfrisormobler.se/#organization","name":"Nord master frisör mobler","url":"https://masterfrisormobler.se/","logo":{"@type":"ImageObject","inLanguage":"en-US","@id":"https://masterfrisormobler.se/#/schema/logo/image/","url":"https://masterfrisormobler.se/wp-content/uploads/2023/08/cropped-512x512-sara.jpeg","contentUrl":"https://masterfrisormobler.se/wp-content/uploads/2023/08/cropped-512x512-sara.jpeg","width":512,"height":512,"caption":"Nord master frisör mobler"},"image":{"@id":"https://masterfrisormobler.se/#/schema/logo/image/"},"sameAs":["https://www.facebook.com/profile.php?id=100095573704473","https://www.tiktok.com/@master.frisr.mble","https://www.instagram.com/masterfrisormobler/"]}]}</script>
<!-- / Yoast SEO plugin. -->

VGR Hårklippare V285 - Nord Master Frisör Möbler

VGR Hårklippare V285,

Nord Master Frisör Möbler

Den bästa butiken för att sälja Frisörmöbler och produkter.

Nord master frisör mobler
