{"id":6709,"date":"2025-09-27T10:07:10","date_gmt":"2025-09-27T10:07:10","guid":{"rendered":"https:\/\/masterfrisormobler.se\/?post_type=product&#038;p=6709"},"modified":"2025-09-27T10:07:10","modified_gmt":"2025-09-27T10:07:10","slug":"wahl-senior","status":"publish","type":"product","link":"https:\/\/masterfrisormobler.se\/en\/product\/wahl-senior\/","title":{"rendered":"WAHL \u2013 Senior"},"content":{"rendered":"<p>WAHL \u2013 Senior<\/p>\n<p>5 Star Cordless Senior \u00e4r en professionell klippmaskin fr\u00e5n WAHL med metallh\u00f6lje f\u00f6r maximal styrka och stabilitet. Effektiv klippning i 80 minuter tack varje det h\u00e5llbara batteriet som laddas fullt p\u00e5 120 minuter. Sk\u00e4rets klippl\u00e4ngd kan justeras fr\u00e5n 0.5 \u2013 1.2 mm och har en klippbredd p\u00e5 46 mm. Sk\u00e4ret kan justeras till zero overlap.\u00a0 Kan anv\u00e4ndas b\u00e5de med och utan sladd. Det medf\u00f6ljer 3 distanskammar, laddare, olja, reng\u00f6ringsborste och ett skydd till sk\u00e4ret.<\/p>","protected":false},"excerpt":{"rendered":"<p>wahl-senior. Professionell klippmaskin fr\u00e5n WAHL med metallh\u00f6lje f\u00f6r maximal styrka och stabilitet.<\/p>","protected":false},"featured_media":6710,"template":"","meta":{"site-sidebar-layout":"default","site-content-layout":"","ast-site-content-layout":"default","site-content-style":"default","site-sidebar-style":"default","ast-global-header-display":"","ast-banner-title-visibility":"","ast-main-header-display":"","ast-hfb-above-header-display":"","ast-hfb-below-header-display":"","ast-hfb-mobile-header-display":"","site-post-title":"","ast-breadcrumbs-content":"","ast-featured-img":"","footer-sml-layout":"","theme-transparent-header-meta":"default","adv-header-id-meta":"","stick-header-meta":"","header-above-stick-meta":"","header-main-stick-meta":"","header-below-stick-meta":"","astra-migrate-meta-layouts":"set","_joinchat":[]},"product_cat":[57,77,75],"product_tag":[],"yoast_head":"<!-- This site is optimized with the Yoast SEO plugin v21.2 - https:\/\/yoast.com\/wordpress\/plugins\/seo\/ -->\n<title>WAHL \u2013 Senior - Nord Master Fris\u00f6r M\u00f6bler<\/title>\n<meta name=\"description\" content=\"wahl-senior. Professionell klippmaskin fr\u00e5n WAHL med metallh\u00f6lje f\u00f6r maximal styrka och stabilitet.\" \/>\n<meta name=\"robots\" content=\"index, follow, max-snippet:-1, max-image-preview:large, max-video-preview:-1\" \/>\n<link rel=\"canonical\" href=\"https:\/\/masterfrisormobler.se\/en\/product\/wahl-senior\/\" \/>\n<meta property=\"og:locale\" content=\"en_US\" \/>\n<meta property=\"og:type\" content=\"article\" \/>\n<meta property=\"og:title\" content=\"WAHL \u2013 Senior - Nord Master Fris\u00f6r M\u00f6bler\" \/>\n<meta property=\"og:description\" content=\"wahl-senior. Professionell klippmaskin fr\u00e5n WAHL med metallh\u00f6lje f\u00f6r maximal styrka och stabilitet.\" \/>\n<meta property=\"og:url\" content=\"https:\/\/masterfrisormobler.se\/en\/product\/wahl-senior\/\" \/>\n<meta property=\"og:site_name\" content=\"Nord Master Fris\u00f6r M\u00f6bler\" \/>\n<meta property=\"article:publisher\" content=\"https:\/\/www.facebook.com\/profile.php?id=100095573704473\" \/>\n<meta property=\"og:image\" content=\"https:\/\/masterfrisormobler.se\/wp-content\/uploads\/2025\/09\/8504-2316-Cordless-Senior.jpg\" \/>\n\t<meta property=\"og:image:width\" content=\"1200\" \/>\n\t<meta property=\"og:image:height\" content=\"1200\" \/>\n\t<meta property=\"og:image:type\" content=\"image\/jpeg\" \/>\n<meta name=\"twitter:card\" content=\"summary_large_image\" \/>\n<meta name=\"twitter:label1\" content=\"Est. reading time\" \/>\n\t<meta name=\"twitter:data1\" content=\"1 minute\" \/>\n<script type=\"application\/ld+json\" class=\"yoast-schema-graph\">{\"@context\":\"https:\/\/schema.org\",\"@graph\":[{\"@type\":\"WebPage\",\"@id\":\"https:\/\/masterfrisormobler.se\/product\/wahl-senior\/\",\"url\":\"https:\/\/masterfrisormobler.se\/product\/wahl-senior\/\",\"name\":\"WAHL \u2013 Senior - Nord Master Fris\u00f6r M\u00f6bler\",\"isPartOf\":{\"@id\":\"https:\/\/masterfrisormobler.se\/#website\"},\"datePublished\":\"2025-09-27T10:07:10+00:00\",\"dateModified\":\"2025-09-27T10:07:10+00:00\",\"description\":\"wahl-senior. Professionell klippmaskin fr\u00e5n WAHL med metallh\u00f6lje f\u00f6r maximal styrka och stabilitet.\",\"breadcrumb\":{\"@id\":\"https:\/\/masterfrisormobler.se\/product\/wahl-senior\/#breadcrumb\"},\"inLanguage\":\"en-US\",\"potentialAction\":[{\"@type\":\"ReadAction\",\"target\":[\"https:\/\/masterfrisormobler.se\/product\/wahl-senior\/\"]}]},{\"@type\":\"BreadcrumbList\",\"@id\":\"https:\/\/masterfrisormobler.se\/product\/wahl-senior\/#breadcrumb\",\"itemListElement\":[{\"@type\":\"ListItem\",\"position\":1,\"name\":\"Home\",\"item\":\"https:\/\/masterfrisormobler.se\/\"},{\"@type\":\"ListItem\",\"position\":2,\"name\":\"Store\",\"item\":\"https:\/\/masterfrisormobler.se\/store-master-frisor-mobler\/\"},{\"@type\":\"ListItem\",\"position\":3,\"name\":\"WAHL \u2013 Senior\"}]},{\"@type\":\"WebSite\",\"@id\":\"https:\/\/masterfrisormobler.se\/#website\",\"url\":\"https:\/\/masterfrisormobler.se\/\",\"name\":\"https:\/\/masterfrisormobler.se\/\",\"description\":\"Den b\u00e4sta butiken f\u00f6r att s\u00e4lja Fris\u00f6rm\u00f6bler och produkter.\",\"publisher\":{\"@id\":\"https:\/\/masterfrisormobler.se\/#organization\"},\"potentialAction\":[{\"@type\":\"SearchAction\",\"target\":{\"@type\":\"EntryPoint\",\"urlTemplate\":\"https:\/\/masterfrisormobler.se\/?s={search_term_string}\"},\"query-input\":\"required name=search_term_string\"}],\"inLanguage\":\"en-US\"},{\"@type\":\"Organization\",\"@id\":\"https:\/\/masterfrisormobler.se\/#organization\",\"name\":\"Nord master fris\u00f6r mobler\",\"url\":\"https:\/\/masterfrisormobler.se\/\",\"logo\":{\"@type\":\"ImageObject\",\"inLanguage\":\"en-US\",\"@id\":\"https:\/\/masterfrisormobler.se\/#\/schema\/logo\/image\/\",\"url\":\"https:\/\/masterfrisormobler.se\/wp-content\/uploads\/2023\/08\/cropped-512x512-sara.jpeg\",\"contentUrl\":\"https:\/\/masterfrisormobler.se\/wp-content\/uploads\/2023\/08\/cropped-512x512-sara.jpeg\",\"width\":512,\"height\":512,\"caption\":\"Nord master fris\u00f6r mobler\"},\"image\":{\"@id\":\"https:\/\/masterfrisormobler.se\/#\/schema\/logo\/image\/\"},\"sameAs\":[\"https:\/\/www.facebook.com\/profile.php?id=100095573704473\",\"https:\/\/www.tiktok.com\/@master.frisr.mble\",\"https:\/\/www.instagram.com\/masterfrisormobler\/\"]}]}<\/script>\n<!-- \/ Yoast SEO plugin. -->","yoast_head_json":{"title":"WAHL \u2013 Senior - Nord Master Fris\u00f6r M\u00f6bler","description":"wahl-senior. Professionell klippmaskin fr\u00e5n WAHL med metallh\u00f6lje f\u00f6r maximal styrka och stabilitet.","robots":{"index":"index","follow":"follow","max-snippet":"max-snippet:-1","max-image-preview":"max-image-preview:large","max-video-preview":"max-video-preview:-1"},"canonical":"https:\/\/masterfrisormobler.se\/en\/product\/wahl-senior\/","og_locale":"en_US","og_type":"article","og_title":"WAHL \u2013 Senior - Nord Master Fris\u00f6r M\u00f6bler","og_description":"wahl-senior. Professionell klippmaskin fr\u00e5n WAHL med metallh\u00f6lje f\u00f6r maximal styrka och stabilitet.","og_url":"https:\/\/masterfrisormobler.se\/en\/product\/wahl-senior\/","og_site_name":"Nord Master Fris\u00f6r M\u00f6bler","article_publisher":"https:\/\/www.facebook.com\/profile.php?id=100095573704473","og_image":[{"width":1200,"height":1200,"url":"https:\/\/masterfrisormobler.se\/wp-content\/uploads\/2025\/09\/8504-2316-Cordless-Senior.jpg","type":"image\/jpeg"}],"twitter_card":"summary_large_image","twitter_misc":{"Est. reading time":"1 minute"},"schema":{"@context":"https:\/\/schema.org","@graph":[{"@type":"WebPage","@id":"https:\/\/masterfrisormobler.se\/product\/wahl-senior\/","url":"https:\/\/masterfrisormobler.se\/product\/wahl-senior\/","name":"WAHL \u2013 Senior - Nord Master Fris\u00f6r M\u00f6bler","isPartOf":{"@id":"https:\/\/masterfrisormobler.se\/#website"},"datePublished":"2025-09-27T10:07:10+00:00","dateModified":"2025-09-27T10:07:10+00:00","description":"wahl-senior. Professionell klippmaskin fr\u00e5n WAHL med metallh\u00f6lje f\u00f6r maximal styrka och stabilitet.","breadcrumb":{"@id":"https:\/\/masterfrisormobler.se\/product\/wahl-senior\/#breadcrumb"},"inLanguage":"en-US","potentialAction":[{"@type":"ReadAction","target":["https:\/\/masterfrisormobler.se\/product\/wahl-senior\/"]}]},{"@type":"BreadcrumbList","@id":"https:\/\/masterfrisormobler.se\/product\/wahl-senior\/#breadcrumb","itemListElement":[{"@type":"ListItem","position":1,"name":"Home","item":"https:\/\/masterfrisormobler.se\/"},{"@type":"ListItem","position":2,"name":"Store","item":"https:\/\/masterfrisormobler.se\/store-master-frisor-mobler\/"},{"@type":"ListItem","position":3,"name":"WAHL \u2013 Senior"}]},{"@type":"WebSite","@id":"https:\/\/masterfrisormobler.se\/#website","url":"https:\/\/masterfrisormobler.se\/","name":"https:\/\/masterfrisormobler.se\/","description":"Den b\u00e4sta butiken f\u00f6r att s\u00e4lja Fris\u00f6rm\u00f6bler och produkter.","publisher":{"@id":"https:\/\/masterfrisormobler.se\/#organization"},"potentialAction":[{"@type":"SearchAction","target":{"@type":"EntryPoint","urlTemplate":"https:\/\/masterfrisormobler.se\/?s={search_term_string}"},"query-input":"required name=search_term_string"}],"inLanguage":"en-US"},{"@type":"Organization","@id":"https:\/\/masterfrisormobler.se\/#organization","name":"Nord master fris\u00f6r mobler","url":"https:\/\/masterfrisormobler.se\/","logo":{"@type":"ImageObject","inLanguage":"en-US","@id":"https:\/\/masterfrisormobler.se\/#\/schema\/logo\/image\/","url":"https:\/\/masterfrisormobler.se\/wp-content\/uploads\/2023\/08\/cropped-512x512-sara.jpeg","contentUrl":"https:\/\/masterfrisormobler.se\/wp-content\/uploads\/2023\/08\/cropped-512x512-sara.jpeg","width":512,"height":512,"caption":"Nord master fris\u00f6r mobler"},"image":{"@id":"https:\/\/masterfrisormobler.se\/#\/schema\/logo\/image\/"},"sameAs":["https:\/\/www.facebook.com\/profile.php?id=100095573704473","https:\/\/www.tiktok.com\/@master.frisr.mble","https:\/\/www.instagram.com\/masterfrisormobler\/"]}]}},"_links":{"self":[{"href":"https:\/\/masterfrisormobler.se\/en\/wp-json\/wp\/v2\/product\/6709"}],"collection":[{"href":"https:\/\/masterfrisormobler.se\/en\/wp-json\/wp\/v2\/product"}],"about":[{"href":"https:\/\/masterfrisormobler.se\/en\/wp-json\/wp\/v2\/types\/product"}],"version-history":[{"count":1,"href":"https:\/\/masterfrisormobler.se\/en\/wp-json\/wp\/v2\/product\/6709\/revisions"}],"predecessor-version":[{"id":6714,"href":"https:\/\/masterfrisormobler.se\/en\/wp-json\/wp\/v2\/product\/6709\/revisions\/6714"}],"wp:featuredmedia":[{"embeddable":true,"href":"https:\/\/masterfrisormobler.se\/en\/wp-json\/wp\/v2\/media\/6710"}],"wp:attachment":[{"href":"https:\/\/masterfrisormobler.se\/en\/wp-json\/wp\/v2\/media?parent=6709"}],"wp:term":[{"taxonomy":"product_cat","embeddable":true,"href":"https:\/\/masterfrisormobler.se\/en\/wp-json\/wp\/v2\/product_cat?post=6709"},{"taxonomy":"product_tag","embeddable":true,"href":"https:\/\/masterfrisormobler.se\/en\/wp-json\/wp\/v2\/product_tag?post=6709"}],"curies":[{"name":"wp","href":"https:\/\/api.w.org\/{rel}","templated":true}]}}

<p>WAHL – Senior</p>
<p>5 Star Cordless Senior är en professionell klippmaskin från WAHL med metallhölje för maximal styrka och stabilitet. Effektiv klippning i 80 minuter tack varje det hållbara batteriet som laddas fullt på 120 minuter. Skärets klipplängd kan justeras från 0.5 – 1.2 mm och har en klippbredd på 46 mm. Skäret kan justeras till zero overlap.  Kan användas både med och utan sladd. Det medföljer 3 distanskammar, laddare, olja, rengöringsborste och ett skydd till skäret.</p>

<p>wahl-senior. Professionell klippmaskin från WAHL med metallhölje för maximal styrka och stabilitet.</p>

<!-- This site is optimized with the Yoast SEO plugin v21.2 - https://yoast.com/wordpress/plugins/seo/ -->
<title>WAHL – Senior - Nord Master Frisör Möbler</title>
<meta name="description" content="wahl-senior. Professionell klippmaskin från WAHL med metallhölje för maximal styrka och stabilitet." />
<meta name="robots" content="index, follow, max-snippet:-1, max-image-preview:large, max-video-preview:-1" />
<link rel="canonical" href="https://masterfrisormobler.se/en/product/wahl-senior/" />
<meta property="og:locale" content="en_US" />
<meta property="og:type" content="article" />
<meta property="og:title" content="WAHL – Senior - Nord Master Frisör Möbler" />
<meta property="og:description" content="wahl-senior. Professionell klippmaskin från WAHL med metallhölje för maximal styrka och stabilitet." />
<meta property="og:url" content="https://masterfrisormobler.se/en/product/wahl-senior/" />
<meta property="og:site_name" content="Nord Master Frisör Möbler" />
<meta property="article:publisher" content="https://www.facebook.com/profile.php?id=100095573704473" />
<meta property="og:image" content="https://masterfrisormobler.se/wp-content/uploads/2025/09/8504-2316-Cordless-Senior.jpg" />
	<meta property="og:image:width" content="1200" />
	<meta property="og:image:height" content="1200" />
	<meta property="og:image:type" content="image/jpeg" />
<meta name="twitter:card" content="summary_large_image" />
<meta name="twitter:label1" content="Est. reading time" />
	<meta name="twitter:data1" content="1 minute" />
<script type="application/ld+json" class="yoast-schema-graph">{"@context":"https://schema.org","@graph":[{"@type":"WebPage","@id":"https://masterfrisormobler.se/product/wahl-senior/","url":"https://masterfrisormobler.se/product/wahl-senior/","name":"WAHL – Senior - Nord Master Frisör Möbler","isPartOf":{"@id":"https://masterfrisormobler.se/#website"},"datePublished":"2025-09-27T10:07:10+00:00","dateModified":"2025-09-27T10:07:10+00:00","description":"wahl-senior. Professionell klippmaskin från WAHL med metallhölje för maximal styrka och stabilitet.","breadcrumb":{"@id":"https://masterfrisormobler.se/product/wahl-senior/#breadcrumb"},"inLanguage":"en-US","potentialAction":[{"@type":"ReadAction","target":["https://masterfrisormobler.se/product/wahl-senior/"]}]},{"@type":"BreadcrumbList","@id":"https://masterfrisormobler.se/product/wahl-senior/#breadcrumb","itemListElement":[{"@type":"ListItem","position":1,"name":"Home","item":"https://masterfrisormobler.se/"},{"@type":"ListItem","position":2,"name":"Store","item":"https://masterfrisormobler.se/store-master-frisor-mobler/"},{"@type":"ListItem","position":3,"name":"WAHL – Senior"}]},{"@type":"WebSite","@id":"https://masterfrisormobler.se/#website","url":"https://masterfrisormobler.se/","name":"https://masterfrisormobler.se/","description":"Den bästa butiken för att sälja Frisörmöbler och produkter.","publisher":{"@id":"https://masterfrisormobler.se/#organization"},"potentialAction":[{"@type":"SearchAction","target":{"@type":"EntryPoint","urlTemplate":"https://masterfrisormobler.se/?s={search_term_string}"},"query-input":"required name=search_term_string"}],"inLanguage":"en-US"},{"@type":"Organization","@id":"https://masterfrisormobler.se/#organization","name":"Nord master frisör mobler","url":"https://masterfrisormobler.se/","logo":{"@type":"ImageObject","inLanguage":"en-US","@id":"https://masterfrisormobler.se/#/schema/logo/image/","url":"https://masterfrisormobler.se/wp-content/uploads/2023/08/cropped-512x512-sara.jpeg","contentUrl":"https://masterfrisormobler.se/wp-content/uploads/2023/08/cropped-512x512-sara.jpeg","width":512,"height":512,"caption":"Nord master frisör mobler"},"image":{"@id":"https://masterfrisormobler.se/#/schema/logo/image/"},"sameAs":["https://www.facebook.com/profile.php?id=100095573704473","https://www.tiktok.com/@master.frisr.mble","https://www.instagram.com/masterfrisormobler/"]}]}</script>
<!-- / Yoast SEO plugin. -->

WAHL – Senior - Nord Master Frisör Möbler

wahl-senior. Professionell klippmaskin från WAHL med metallhölje för maximal styrka och stabilitet.

Nord Master Frisör Möbler

Den bästa butiken för att sälja Frisörmöbler och produkter.

Nord master frisör mobler
